{"id":188,"date":"2025-01-21T15:42:53","date_gmt":"2025-01-21T14:42:53","guid":{"rendered":"http:\/\/blhhjsx.cluster100.hosting.ovh.net\/?page_id=188"},"modified":"2025-01-24T17:59:51","modified_gmt":"2025-01-24T16:59:51","slug":"produkty-w-sprzedazy","status":"publish","type":"page","link":"https:\/\/blue-bird.pl\/index.php\/produkty-w-sprzedazy\/","title":{"rendered":"Dost\u0119pne teraz"},"content":{"rendered":"\t\t<div data-elementor-type=\"wp-post\" data-elementor-id=\"188\" class=\"elementor elementor-188\">\n\t\t\t\t<div class=\"elementor-element elementor-element-038e822 e-flex e-con-boxed e-con e-parent\" data-id=\"038e822\" data-element_type=\"container\" data-settings=\"{&quot;background_background&quot;:&quot;classic&quot;}\">\n\t\t\t\t\t<div class=\"e-con-inner\">\n\t\t\t\t<div class=\"elementor-element elementor-element-81074f5 elementor-invisible elementor-widget elementor-widget-heading\" data-id=\"81074f5\" data-element_type=\"widget\" data-settings=\"{&quot;_animation&quot;:&quot;fadeIn&quot;}\" data-widget_type=\"heading.default\">\n\t\t\t\t<div class=\"elementor-widget-container\">\n\t\t\t\t\t<h2 class=\"elementor-heading-title elementor-size-default\">Dost\u0119pne teraz<\/h2>\t\t\t\t<\/div>\n\t\t\t\t<\/div>\n\t\t\t\t<div class=\"elementor-element elementor-element-c7c28c8 elementor-invisible elementor-widget elementor-widget-text-editor\" data-id=\"c7c28c8\" data-element_type=\"widget\" data-settings=\"{&quot;_animation&quot;:&quot;fadeIn&quot;}\" data-widget_type=\"text-editor.default\">\n\t\t\t\t<div class=\"elementor-widget-container\">\n\t\t\t\t\t\t\t\t\t<p>produkty w sprzeda\u017cy<\/p>\t\t\t\t\t\t\t\t<\/div>\n\t\t\t\t<\/div>\n\t\t\t\t\t<\/div>\n\t\t\t\t<\/div>\n\t\t<div class=\"elementor-element elementor-element-7a8c752 e-flex e-con-boxed e-con e-parent\" data-id=\"7a8c752\" data-element_type=\"container\">\n\t\t\t\t\t<div class=\"e-con-inner\">\n\t\t\t\t\t<\/div>\n\t\t\t\t<\/div>\n\t\t\t\t<\/div>\n\t\t","protected":false},"excerpt":{"rendered":"<p>Dost\u0119pne teraz produkty w sprzeda\u017cy<\/p>\n","protected":false},"author":2,"featured_media":0,"parent":0,"menu_order":0,"comment_status":"closed","ping_status":"closed","template":"","meta":{"site-sidebar-layout":"no-sidebar","site-content-layout":"","ast-site-content-layout":"full-width-container","site-content-style":"default","site-sidebar-style":"default","ast-global-header-display":"","ast-banner-title-visibility":"","ast-main-header-display":"","ast-hfb-above-header-display":"","ast-hfb-below-header-display":"","ast-hfb-mobile-header-display":"","site-post-title":"disabled","ast-breadcrumbs-content":"","ast-featured-img":"disabled","footer-sml-layout":"","theme-transparent-header-meta":"","adv-header-id-meta":"","stick-header-meta":"","header-above-stick-meta":"","header-main-stick-meta":"","header-below-stick-meta":"","astra-migrate-meta-layouts":"default","ast-page-background-enabled":"default","ast-page-background-meta":{"desktop":{"background-color":"var(--ast-global-color-5)","background-image":"","background-repeat":"repeat","background-position":"center center","background-size":"auto","background-attachment":"scroll","background-type":"","background-media":"","overlay-type":"","overlay-color":"","overlay-opacity":"","overlay-gradient":""},"tablet":{"background-color":"","background-image":"","background-repeat":"repeat","background-position":"center center","background-size":"auto","background-attachment":"scroll","background-type":"","background-media":"","overlay-type":"","overlay-color":"","overlay-opacity":"","overlay-gradient":""},"mobile":{"background-color":"","background-image":"","background-repeat":"repeat","background-position":"center center","background-size":"auto","background-attachment":"scroll","background-type":"","background-media":"","overlay-type":"","overlay-color":"","overlay-opacity":"","overlay-gradient":""}},"ast-content-background-meta":{"desktop":{"background-color":"var(--ast-global-color-4)","background-image":"","background-repeat":"repeat","background-position":"center center","background-size":"auto","background-attachment":"scroll","background-type":"","background-media":"","overlay-type":"","overlay-color":"","overlay-opacity":"","overlay-gradient":""},"tablet":{"background-color":"var(--ast-global-color-4)","background-image":"","background-repeat":"repeat","background-position":"center center","background-size":"auto","background-attachment":"scroll","background-type":"","background-media":"","overlay-type":"","overlay-color":"","overlay-opacity":"","overlay-gradient":""},"mobile":{"background-color":"var(--ast-global-color-4)","background-image":"","background-repeat":"repeat","background-position":"center center","background-size":"auto","background-attachment":"scroll","background-type":"","background-media":"","overlay-type":"","overlay-color":"","overlay-opacity":"","overlay-gradient":""}},"footnotes":""},"class_list":["post-188","page","type-page","status-publish","hentry"],"yoast_head":"<!-- This site is optimized with the Yoast SEO plugin v24.3 - https:\/\/yoast.com\/wordpress\/plugins\/seo\/ -->\n<title>Produkty w sprzeda\u017cy - Blue Bird<\/title>\n<meta name=\"description\" content=\"Blue Bird Pracownia Plastyczna. Przedstawiamy nasz\u0105 ofert\u0119 r\u0119cznie wykonywanej sztuki. Porcelana r\u0119cznie malowana, obrazy, renowacje, rze\u017aba\" \/>\n<meta name=\"robots\" content=\"index, follow, max-snippet:-1, max-image-preview:large, max-video-preview:-1\" \/>\n<link rel=\"canonical\" href=\"https:\/\/blue-bird.pl\/index.php\/produkty-w-sprzedazy\/\" \/>\n<meta property=\"og:locale\" content=\"pl_PL\" \/>\n<meta property=\"og:type\" content=\"article\" \/>\n<meta property=\"og:title\" content=\"Produkty w sprzeda\u017cy\" \/>\n<meta property=\"og:description\" content=\"Blue Bird Pracownia Plastyczna. Przedstawiamy nasz\u0105 ofert\u0119 r\u0119cznie wykonywanej sztuki. Porcelana r\u0119cznie malowana, obrazy, renowacje, rze\u017aba\" \/>\n<meta property=\"og:url\" content=\"https:\/\/blue-bird.pl\/index.php\/produkty-w-sprzedazy\/\" \/>\n<meta property=\"og:site_name\" content=\"Blue Bird\" \/>\n<meta property=\"article:modified_time\" content=\"2025-01-24T16:59:51+00:00\" \/>\n<meta property=\"og:image\" content=\"https:\/\/blue-bird.pl\/wp-content\/uploads\/2025\/01\/Pelikan-2.png\" \/>\n\t<meta property=\"og:image:width\" content=\"417\" \/>\n\t<meta property=\"og:image:height\" content=\"416\" \/>\n\t<meta property=\"og:image:type\" content=\"image\/png\" \/>\n<meta name=\"twitter:card\" content=\"summary_large_image\" \/>\n<meta name=\"twitter:title\" content=\"Produkty w sprzeda\u017cy\" \/>\n<meta name=\"twitter:description\" content=\"Blue Bird Pracownia Plastyczna. Przedstawiamy nasz\u0105 ofert\u0119 r\u0119cznie wykonywanej sztuki. Porcelana r\u0119cznie malowana, obrazy, renowacje, rze\u017aba\" \/>\n<meta name=\"twitter:image\" content=\"https:\/\/blue-bird.pl\/wp-content\/uploads\/2025\/01\/Pelikan-2.png\" \/>\n<meta name=\"twitter:label1\" content=\"Szacowany czas czytania\" \/>\n\t<meta name=\"twitter:data1\" content=\"1 minuta\" \/>\n<script type=\"application\/ld+json\" class=\"yoast-schema-graph\">{\"@context\":\"https:\/\/schema.org\",\"@graph\":[{\"@type\":\"WebPage\",\"@id\":\"https:\/\/blue-bird.pl\/index.php\/produkty-w-sprzedazy\/\",\"url\":\"https:\/\/blue-bird.pl\/index.php\/produkty-w-sprzedazy\/\",\"name\":\"Produkty w sprzeda\u017cy - Blue Bird\",\"isPartOf\":{\"@id\":\"https:\/\/blue-bird.pl\/#website\"},\"datePublished\":\"2025-01-21T14:42:53+00:00\",\"dateModified\":\"2025-01-24T16:59:51+00:00\",\"description\":\"Blue Bird Pracownia Plastyczna. Przedstawiamy nasz\u0105 ofert\u0119 r\u0119cznie wykonywanej sztuki. Porcelana r\u0119cznie malowana, obrazy, renowacje, rze\u017aba\",\"breadcrumb\":{\"@id\":\"https:\/\/blue-bird.pl\/index.php\/produkty-w-sprzedazy\/#breadcrumb\"},\"inLanguage\":\"pl-PL\",\"potentialAction\":[{\"@type\":\"ReadAction\",\"target\":[\"https:\/\/blue-bird.pl\/index.php\/produkty-w-sprzedazy\/\"]}]},{\"@type\":\"BreadcrumbList\",\"@id\":\"https:\/\/blue-bird.pl\/index.php\/produkty-w-sprzedazy\/#breadcrumb\",\"itemListElement\":[{\"@type\":\"ListItem\",\"position\":1,\"name\":\"Strona g\u0142\u00f3wna\",\"item\":\"https:\/\/blue-bird.pl\/\"},{\"@type\":\"ListItem\",\"position\":2,\"name\":\"Produkty w sprzeda\u017cy\"}]},{\"@type\":\"WebSite\",\"@id\":\"https:\/\/blue-bird.pl\/#website\",\"url\":\"https:\/\/blue-bird.pl\/\",\"name\":\"Blue Bird\",\"description\":\"Pracownia Plastyczna\",\"publisher\":{\"@id\":\"https:\/\/blue-bird.pl\/#organization\"},\"potentialAction\":[{\"@type\":\"SearchAction\",\"target\":{\"@type\":\"EntryPoint\",\"urlTemplate\":\"https:\/\/blue-bird.pl\/?s={search_term_string}\"},\"query-input\":{\"@type\":\"PropertyValueSpecification\",\"valueRequired\":true,\"valueName\":\"search_term_string\"}}],\"inLanguage\":\"pl-PL\"},{\"@type\":\"Organization\",\"@id\":\"https:\/\/blue-bird.pl\/#organization\",\"name\":\"Blue Bird\",\"url\":\"https:\/\/blue-bird.pl\/\",\"logo\":{\"@type\":\"ImageObject\",\"inLanguage\":\"pl-PL\",\"@id\":\"https:\/\/blue-bird.pl\/#\/schema\/logo\/image\/\",\"url\":\"https:\/\/blue-bird.pl\/wp-content\/uploads\/2025\/01\/cropped-Pelikan-2-1.png\",\"contentUrl\":\"https:\/\/blue-bird.pl\/wp-content\/uploads\/2025\/01\/cropped-Pelikan-2-1.png\",\"width\":269,\"height\":294,\"caption\":\"Blue Bird\"},\"image\":{\"@id\":\"https:\/\/blue-bird.pl\/#\/schema\/logo\/image\/\"}}]}<\/script>\n<!-- \/ Yoast SEO plugin. -->","yoast_head_json":{"title":"Produkty w sprzeda\u017cy - Blue Bird","description":"Blue Bird Pracownia Plastyczna. Przedstawiamy nasz\u0105 ofert\u0119 r\u0119cznie wykonywanej sztuki. Porcelana r\u0119cznie malowana, obrazy, renowacje, rze\u017aba","robots":{"index":"index","follow":"follow","max-snippet":"max-snippet:-1","max-image-preview":"max-image-preview:large","max-video-preview":"max-video-preview:-1"},"canonical":"https:\/\/blue-bird.pl\/index.php\/produkty-w-sprzedazy\/","og_locale":"pl_PL","og_type":"article","og_title":"Produkty w sprzeda\u017cy","og_description":"Blue Bird Pracownia Plastyczna. Przedstawiamy nasz\u0105 ofert\u0119 r\u0119cznie wykonywanej sztuki. Porcelana r\u0119cznie malowana, obrazy, renowacje, rze\u017aba","og_url":"https:\/\/blue-bird.pl\/index.php\/produkty-w-sprzedazy\/","og_site_name":"Blue Bird","article_modified_time":"2025-01-24T16:59:51+00:00","og_image":[{"width":417,"height":416,"url":"https:\/\/blue-bird.pl\/wp-content\/uploads\/2025\/01\/Pelikan-2.png","type":"image\/png"}],"twitter_card":"summary_large_image","twitter_title":"Produkty w sprzeda\u017cy","twitter_description":"Blue Bird Pracownia Plastyczna. Przedstawiamy nasz\u0105 ofert\u0119 r\u0119cznie wykonywanej sztuki. Porcelana r\u0119cznie malowana, obrazy, renowacje, rze\u017aba","twitter_image":"https:\/\/blue-bird.pl\/wp-content\/uploads\/2025\/01\/Pelikan-2.png","twitter_misc":{"Szacowany czas czytania":"1 minuta"},"schema":{"@context":"https:\/\/schema.org","@graph":[{"@type":"WebPage","@id":"https:\/\/blue-bird.pl\/index.php\/produkty-w-sprzedazy\/","url":"https:\/\/blue-bird.pl\/index.php\/produkty-w-sprzedazy\/","name":"Produkty w sprzeda\u017cy - Blue Bird","isPartOf":{"@id":"https:\/\/blue-bird.pl\/#website"},"datePublished":"2025-01-21T14:42:53+00:00","dateModified":"2025-01-24T16:59:51+00:00","description":"Blue Bird Pracownia Plastyczna. Przedstawiamy nasz\u0105 ofert\u0119 r\u0119cznie wykonywanej sztuki. Porcelana r\u0119cznie malowana, obrazy, renowacje, rze\u017aba","breadcrumb":{"@id":"https:\/\/blue-bird.pl\/index.php\/produkty-w-sprzedazy\/#breadcrumb"},"inLanguage":"pl-PL","potentialAction":[{"@type":"ReadAction","target":["https:\/\/blue-bird.pl\/index.php\/produkty-w-sprzedazy\/"]}]},{"@type":"BreadcrumbList","@id":"https:\/\/blue-bird.pl\/index.php\/produkty-w-sprzedazy\/#breadcrumb","itemListElement":[{"@type":"ListItem","position":1,"name":"Strona g\u0142\u00f3wna","item":"https:\/\/blue-bird.pl\/"},{"@type":"ListItem","position":2,"name":"Produkty w sprzeda\u017cy"}]},{"@type":"WebSite","@id":"https:\/\/blue-bird.pl\/#website","url":"https:\/\/blue-bird.pl\/","name":"Blue Bird","description":"Pracownia Plastyczna","publisher":{"@id":"https:\/\/blue-bird.pl\/#organization"},"potentialAction":[{"@type":"SearchAction","target":{"@type":"EntryPoint","urlTemplate":"https:\/\/blue-bird.pl\/?s={search_term_string}"},"query-input":{"@type":"PropertyValueSpecification","valueRequired":true,"valueName":"search_term_string"}}],"inLanguage":"pl-PL"},{"@type":"Organization","@id":"https:\/\/blue-bird.pl\/#organization","name":"Blue Bird","url":"https:\/\/blue-bird.pl\/","logo":{"@type":"ImageObject","inLanguage":"pl-PL","@id":"https:\/\/blue-bird.pl\/#\/schema\/logo\/image\/","url":"https:\/\/blue-bird.pl\/wp-content\/uploads\/2025\/01\/cropped-Pelikan-2-1.png","contentUrl":"https:\/\/blue-bird.pl\/wp-content\/uploads\/2025\/01\/cropped-Pelikan-2-1.png","width":269,"height":294,"caption":"Blue Bird"},"image":{"@id":"https:\/\/blue-bird.pl\/#\/schema\/logo\/image\/"}}]}},"_links":{"self":[{"href":"https:\/\/blue-bird.pl\/index.php\/wp-json\/wp\/v2\/pages\/188","targetHints":{"allow":["GET"]}}],"collection":[{"href":"https:\/\/blue-bird.pl\/index.php\/wp-json\/wp\/v2\/pages"}],"about":[{"href":"https:\/\/blue-bird.pl\/index.php\/wp-json\/wp\/v2\/types\/page"}],"author":[{"embeddable":true,"href":"https:\/\/blue-bird.pl\/index.php\/wp-json\/wp\/v2\/users\/2"}],"replies":[{"embeddable":true,"href":"https:\/\/blue-bird.pl\/index.php\/wp-json\/wp\/v2\/comments?post=188"}],"version-history":[{"count":49,"href":"https:\/\/blue-bird.pl\/index.php\/wp-json\/wp\/v2\/pages\/188\/revisions"}],"predecessor-version":[{"id":1598,"href":"https:\/\/blue-bird.pl\/index.php\/wp-json\/wp\/v2\/pages\/188\/revisions\/1598"}],"wp:attachment":[{"href":"https:\/\/blue-bird.pl\/index.php\/wp-json\/wp\/v2\/media?parent=188"}],"curies":[{"name":"wp","href":"https:\/\/api.w.org\/{rel}","templated":true}]}}